se 4*o - 2*r + 26 = 2*o, -y*r + 62 = -5*o. Let w = -3 - o. What are the prime factors of w?
7
Let a(h) = 9*h**2 + 2*h - 9. List the prime factors of a(3).
2, 3, 13
Let p = -1 - -4. Let d(h) = p + h + h - 3*h. What are the prime factors of d(-8)?
11
Suppose 2*i - 80 = -14. Suppose 4*y = 5*z - i, -21 = -3*z - 0*y + 3*y. List the prime factors of z.
5
Let z(b) = -2*b - 2*b**3 + 7*b - 3*b**2 - 2 - 7*b. Let v be z(-2). Let j = 1 + v. List the prime factors of j.
7
Let g = 2 - -2. Let d(l) = 2*l - 5 + 2 + 0. List the prime factors of d(g).
5
Suppose -3*b = -0*b + 6, 3*c - 2*b - 352 = 0. What are the prime factors of c?
2, 29
Suppose -b - 4 = 0, 0*p - 16 = -4*p + b. Let h(q) = q**3 + 7*q**2 + 6*q + 2. Let k be h(-6). Let v = p + k. What are the prime factors of v?
5
Suppose -5*j + 10 = 3*g, 0 = -2*g - 6*j + 4*j + 8. List the prime factors of g.
5
Suppose -5*t = -5*b + 25, -3*t = -t - 10. Let g = b - 7. Suppose p - 5*a - 9 = 5, 24 = 3*p + g*a. List the prime factors of p.
3
Let w(o) = 2*o**3 + 1. Let b be w(-2). Let t be (6/b)/((-4)/10). Let a(u) = 5*u**3 - u**2 + 1. What are the prime factors of a(t)?
5
Let f(v) = -2*v + 2. Let t be f(-2). Let p = -2 + t. Suppose -17 = -5*c - 2*i + 13, -p*i - 60 = -5*c. What are the prime factors of c?
2
Let y be 2/(-6)*(5 - 5). Let p = -4 - -6. Suppose w + 2*s - 1 = y, w + p*w + 3*s - 9 = 0. What are the prime factors of w?
5
Suppose -5*u - 52 = -o, 5*o + 0*u - 2*u = 145. Let p = o - -39. List the prime factors of (-2)/11 - (-1332)/p.
2, 5
Let g be (1 - 0)/(2/4). Let h be ((-4)/(-12))/(g/6). Let p = 9 - h. What are the prime factors of p?
2
Let q(t) = t - 2. Let g be q(2). Suppose -3*n + g*n = -180. Suppose -p + n = 4*p. What are the prime factors of p?
2, 3
Let x(r) = 99*r**2 + 3*r + 4. List the prime factors of x(-1).
2, 5
Suppose 2*r = -3*g - 8, -g + 2*g - r = 4. Suppose 0 = -g*w + 4*w - 52. What are the prime factors of w?
13
Let n(i) = 17*i - 12. What are the prime factors of n(6)?
2, 3, 5
Let u(f) = -11*f - 8. Let i(y) = -7*y - 5. Let d(a) = -8*i(a) + 5*u(a). Let x = -5 + 8. List the prime factors of d(x).
3
Suppose 3*b = -4*m + 76, 8*m - 4*m - 60 = b. What are the prime factors of m?
2
Let i(k) = 2*k**2 + 2*k. Let t = -5 + 3. What are the prime factors of i(t)?
2
Suppose 122 = 3*o + 41. Suppose -i + 33 = -o. What are the prime factors of i?
2, 3, 5
Let s(l) = -l**2 - 2*l + 102. List the prime factors of s(0).
2, 3, 17
Suppose r + 2 = 0, -l - r = -4*l - 31. Let a = l - -8. List the prime factors of 2 - (a - (5 - -3)).
13
Let x = -3 - -1. List the prime factors of (x/3)/(2/(-39)).
13
Let i = 2 + -2. Suppose 2*j + 0*j - 38 = i. List the prime factors of j.
19
Let k(s) = -s**3 + s**2 + s. Suppose 0 = -2*d - 2*d + 12. Suppose -i = -2*m, d*i - 14 = 3*m + 5*i. List the prime factors of k(m).
2, 5
Suppose -2 = -2*m - 0*m. Suppose -2*x = -9 + m. List the prime factors of x.
2
Let p = 230 + -117. List the prime factors of p.
113
What are the prime factors of 9/24 + 936/64?
3, 5
What are the prime factors of 2/(35/(-12) + 3)?
2, 3
Let u = 53 + -45. What are the prime factors of u?
2
Let p = -12 + 11. List the prime factors of p/1 + (-110)/(-5).
3, 7
Let z(c) = c + 1. Let r be z(-2). What are the prime factors of (11/(1/r))/(-1)?
11
Suppose 5*w - 1093 = -4*s, -2*s = 5*w - 496 - 43. List the prime factors of s.
277
Let z = 5 - -46. Suppose -4*w = -w - 3*t - z, 5*w = -4*t + 94. What are the prime factors of w?
2, 3
Suppose 0 = -o - 5*t - 20, 4*o = 4*t + 26 + 14. Let f = -3 + o. What are the prime factors of f?
2
Let x(h) = 3*h + 9. Let a(p) = -4*p - 8. Let d(g) = 4*a(g) + 5*x(g). Let j be 3 + (96/(-30) - 2/(-10)). List the prime factors of d(j).
13
Suppose -2364 = -13*r + r. What are the prime factors of r?
197
Let i be 0/(-7)*(0 + 1). Suppose 2*x + 2*x + 36 = i. Let h = x + 13. What are the prime factors of h?
2
Suppose a - 36 = 3*a. What are the prime factors of (-4 - -3)*(a + 1)?
17
Let q(m) = -m**2 - 21*m - 16. What are the prime factors of q(-11)?
2, 47
Suppose -1 = -3*r + 44. List the prime factors of r.
3, 5
List the prime factors of (1 + 0)/((-4)/(-516)).
3, 43
Suppose 91 = -5*t + 246. List the prime factors of t.
31
Suppose 0 = -a - 30 + 95. What are the prime factors of a?
5, 13
Let g(s) = 3 + s**3 - 11 - s - 8*s**2 + 14*s - 2*s. Let c = -4 + 11. List the prime factors of g(c).
2, 5
Let m be -3 - 6/(-4 + 1). Let p = m - -9. List the prime factors of p.
2
Suppose -9 = -6*o + 273. What are the prime factors of o?
47
Suppose -5*c = -5*v + v + 382, 96 = v - c. What are the prime factors of v?
2, 7
Let f(k) = 2*k**2 + 4*k + 4. List the prime factors of f(4).
2, 13
Suppose 2*g - 5*a - 65 = 7, -3*g = -3*a - 108. List the prime factors of g.
2, 3
Let m = -1 - -4. Suppose -2*o - 2*p + 6 = 0, m*p + 2*p - 6 = 4*o. What are the prime factors of -3 + o + (7 - 3)?
2
Let d(b) = -20*b - 129. List the prime factors of d(-24).
3, 13
Let z = 43 + -36. List the prime factors of z.
7
Suppose -u + 2*n = 8, -u + 0*n - 3*n = -2. Let c = 3 + u. What are the prime factors of (8 - c)*(1 + 0)?
3
Let i be (0 - -1) + -14 + -5. Let t = 10 + i. Let y = 11 + t. What are the prime factors of y?
3
Let t(a) = a**3 + a**2 - a. Let v(g) = g**3 - 6*g**2 + 6*g. Let s(p) = 5*t(p) + v(p). Let c be s(1). Suppose -c = 4*d - 46. What are the prime factors of d?
2, 5
Let m = 2 - 0. Let n = m + 0. Suppose -n*h = -3*h + 6. List the prime factors of h.
2, 3
Let y be ((-10)/(-4))/(9/18). Suppose -y*n - 21 = -101. What are the prime factors of n?
2
Suppose 4*b + 10 + 6 = 0. What are the prime factors of ((-2)/b)/(3/42)?
7
Let s(m) be the first derivative of -m**4/4 + m**3/3 + m**2/2 + 8*m + 2. What are the prime factors of s(0)?
2
Let u = 29 - -15. What are the prime factors of u?
2, 11
Suppose 0*l = -5*m - 5*l - 15, 2*l + 6 = 2*m. What are the prime factors of 3/3 + m - -12?
13
Let z(c) be the third derivative of -c**4/24 + c**3/3 - 5*c**2. List the prime factors of z(0).
2
Suppose 9*l - 4388 = -824. What are the prime factors of l?
2, 3, 11
Suppose 0 = -2*l + 1 + 7. Let u be (-4)/6 - l/(-6). Let n = u - -2. List the prime factors of n.
2
What are the prime factors of (14/(-28))/(1/(-96))?
2, 3
Let x(w) = w**3 - 13*w**2 + 12*w + 3. Let t be x(12). Suppose -t = -5*h + 12. What are the prime factors of h?
3
Let m(g) be the third derivative of g**5/60 - 3*g**4/8 + 3*g**3/2 - 2*g**2. Suppose o + 9 = 2*o. List the prime factors of m(o).
3
Let y(s) = -s. Let z be y(-2). Let d(b) = 8*b - 5*b - z - 1. List the prime factors of d(4).
3
Suppose 0 = -f - 3*k + 45, -2*k - 172 = -3*f - 37. Suppose -4*r = r - f. List the prime factors of r.
3
Let b(f) = f**2 - f. Suppose 0 = a - 2 - 2. Let q be (1 - 3)/((-2)/a). What are the prime factors of b(q)?
2, 3
Suppose 0*z - 2*z = -3*o + 10, o - 3*z + 6 = 0. Let s = -3 + o. Suppose -s - 15 = -3*m. List the prime factors of m.
2, 3
Let k(o) = o**3 - 5*o**2 - 9*o + 8. Let w be k(6). Let l be w*(-2 - (-3)/6). Let h = l - 11. What are the prime factors of h?
2
What are the prime factors of 22/((0 + -1)/(-10))?
2, 5, 11
Let b = 16 + 23. Let u = 69 - b. List the prime factors of u.
2, 3, 5
Suppose 7 = 4*g + 35. Let p = g - -13. List the prime factors of (p - 7)*(-17 - 0).
17
Let a be (4/(-5))/(9/(-45)). Suppose -8*u + a*u + 24 = 0. What are the prime factors of u?
2, 3
Let g(u) = 51*u**3 + 2*u - 1. Let f be g(1). Suppose 2*n + k - 60 = 0, 0 = -2*n + 4*n - k - f. List the prime factors of n.
2, 7
Let b(p) = -p**3 + 8*p**2 + 7. List the prime factors of b(8).
7
Let v = -11 + 191. What are the prime factors of v?
2, 3, 5
What are the prime factors of ((-25)/(-10))/((6/3)/8)?
2, 5
Suppose m = -3*t + 4*t - 4, -18 = -5*t + 3*m. Let u be (9/6)/(t/30). Suppose 0 = 4*d + d - u. What are the prime factors of d?
3
Let x(q) = 2*q**3 - q**2 - 2*q. Let y be x(2). Let w = -2 + y. What are the prime factors of w?
2, 3
Let j(m) = -m**3 - 8*m**2 + 8. What are the prime factors of j(-8)?
2
What are the prime factors of 54/4 - 2/(-4)?
2, 7
Let t(m) = -m**2 + 9*m + 5. Suppose -2*k = -2*y - 8, 5*y = -0*k - 4*k + 34. What are the prime factors of t(k)?
23
Suppose 5*i - 446 = -4*w, 0*i = 2*i - 4. What are the prime factors of w?
109
List the prime factors of (9/(-6))/((-6)/68).
17
Suppose -2*l = m - 6, -5*l - m - m + 17 = 0. Suppose l*y + 2 - 32 = 0. Suppose 